8234 = j. What is the tens digit of x?
5
Let y(x) = x**3 - 9*x**2 + 12*x - 20. Let w be y(8). Let a be 3/(13/w + (-7)/21). Suppose 0 = -3*v - 0*v + 5*p + 568, a = 4*p. What is the tens digit of v?
9
Let i(h) = -h**3 - 15*h**2 - 21 + 17*h - 7*h**2 + 9*h**2. Let n be i(-14). What is the tens digit of (n/12 - -4)*-28?
3
Suppose -36*o = -1480 - 83552. Let z = -1184 + o. What is the units digit of z?
8
What is the tens digit of ((-239226)/(-18))/(17*(-3)/(-153))?
7
Let h = 2483 + -1869. What is the tens digit of h?
1
Let y(r) = 2*r**3 - 3*r**2 - 8*r + 51. Let s be (-1)/(-7 + (-192)/(-28)). What is the units digit of y(s)?
4
Suppose -x = 40*x - 158629. What is the thousands digit of x?
3
Let b(h) = h**3 + 44*h**2 - 53*h - 29. Let a = -356 + 311. What is the hundreds digit of b(a)?
3
Let g(o) = -4*o**3 + 3*o**2 + 20*o + 11. What is the units digit of g(-12)?
5
Suppose -833930 + 4605387 = 59*f. What is the tens digit of f?
2
Let d = -450 + 153. What is the tens digit of (-4)/18 - 11/(d/3624)?
3
Suppose -20118 = -3*y + 2*j, -3*j + 26841 = 4*y - 0*y. What is the thousands digit of y?
6
Let m = 96 - 31. Suppose 5*o + 20 = m. Suppose o*s = 222 + 1830. What is the units digit of s?
8
Let n be 38/10 + (-1)/(-5) + 1814. Suppose -32*g + n = -29*g. Suppose g + 490 = 4*l. What is the hundreds digit of l?
2
Let z = 266 + -262. What is the tens digit of 10120/(-11)*-1 + (z - 0)?
2
Suppose -j - 4*x = -4326, -2877 = -j + 5*x + 1485. What is the thousands digit of j?
4
Let q = -89 - -8013. Suppose 3*z - 17*z = -q. What is the hundreds digit of z?
5
Let k(u) = u**3 - 6*u**2 - 22 + 7 + 136*u - 133*u. Let j be k(6). Let h(v) = 8*v**3 - 2*v**2 - 6*v. What is the units digit of h(j)?
0
Let i = 19815 - 5123. What is the units digit of i?
2
Let l(p) = -p**3 - 7*p**2 - 10*p - 8. Let h be l(-9). Let z = 326 - h. What is the tens digit of z?
8
Suppose 58*i + 260623 = 708847. What is the thousands digit of i?
7
Suppose 3*g - 85 = 5*k, 4*k - 3*g = -8*g - 68. Let l be 9/(-21) - k/7. Suppose -30 - 40 = -l*j. What is the units digit of j?
5
Let c(q) = q + 0 + 127*q**2 + 4 + 0 - 3. What is the hundreds digit of c(1)?
1
Suppose 4*u + 12 = 8*u. Let b be (-12)/(-7) - 8/(-28). Suppose l = -b*x - 3, -u*l = -2*l + 4*x + 7. What is the units digit of l?
1
Suppose 2*c - 3190 = -5*m, 0 = -c + 2*m + 1953 - 358. What is the thousands digit of c?
1
Suppose -10651 - 2373 = -c - 325. What is the units digit of c?
9
Let u(i) be the second derivative of -59/3*i**3 - 5*i**2 + 0 - 11*i. What is the tens digit of u(-2)?
2
Let j be 84/(-36) + (0 + 1)/3. What is the units digit of (j*18/(-16))/(2/304)?
2
Let k be (-107)/7 - 34/(-119). What is the units digit of (-11)/55 + (-3)/k*276?
5
Suppose -2*g + 5*m = -10996, -27439 = -38*g + 33*g + 4*m. What is the tens digit of g?
8
Suppose 0 = 5*q - 5*s - 70, 4*q + 2*s - s = 36. Suppose -2968 = -q*u + 3132. What is the tens digit of u?
1
Suppose 134044 - 447840 = -145*x + 2022589. What is the hundreds digit of x?
1
Let g(l) = -529*l + 1030. What is the units digit of g(-9)?
1
Suppose -8*l + 117752 = 4*o, 5*o + 73634 = 5*l + o. What is the hundreds digit of l?
7
Let r(p) = -p**3 - 3*p**2 - 5*p - 4. Let w be (-16)/9 - 4/18. Let c be r(w). Suppose -c*m + 47 = -0*m + x, 4*x + 137 = 5*m. What is the units digit of m?
5
Let m be 1*(18 + 1) + (-20 - -22). Suppose 5*w = -m + 141. What is the hundreds digit of 16/w + 1064/6?
1
Let w(f) = -f**2 + 11*f + 39. Let o be w(12). Suppose -2*d + o*s + 134 = 23*s, 5*d + 5*s = 335. What is the units digit of d?
7
Suppose -96 = -3*z - 5*r, 2*z - 2*r = 41 + 39. Let s = 35 - z. What is the tens digit of (-103)/s + (-51)/(-34)?
5
Let v = 78424 - 45647. What is the ten thousands digit of v?
3
Let l = -15413 - -26691. What is the units digit of l?
8
What is the thousands digit of 3/13 - 1695780/(-585)?
2
Let t be (1 + -2)*(-5 + 0). Suppose 5*a = 6*w - 30, -127 = -4*a - 151. Suppose w*b - 170 = -t*b. What is the tens digit of b?
3
Suppose 3*u - 12886 = -m - 4*u, -5*u = -4*m + 51676. What is the units digit of m?
4
Suppose 11*d + 505 = 6*d. Let l = -99 - d. Suppose -93 = -f + 2*v + 2*v, -l*v = -3*f + 269. What is the units digit of f?
9
Suppose -4*v - 17 = 3*j, -13 = 2*j + 5*v + 10. What is the units digit of j + (10 - 4) - -1?
8
Suppose 0 = -3*m - 3*u + 4760 + 4465, m - 3081 = -4*u. Let p = m + -1314. What is the tens digit of p?
5
What is the hundreds digit of 4145 - ((-3)/((-9)/1))/(34/(-204))?
1
Suppose 2*h = 4*v - 36528, 13468 + 13938 = 3*v - 4*h. What is the hundreds digit of v?
1
Suppose 5*f - 56 - 184 = 0. Suppose 16*x = 17*x - f. Let u = 114 - x. What is the units digit of u?
6
Let f(d) = -10*d**2 + 4*d + 83. Let p be f(-7). What is the hundreds digit of (51/(-17))/(3/p)?
4
Suppose 0 = 142*i - 16*i + 55*i - 5374252. What is the thousands digit of i?
9
Suppose -10*l = -2*l + 2056. Let g = 1029 + l. What is the tens digit of g?
7
What is the hundreds digit of 155/(-124) - 1061140/(-16)?
3
Let b be (-72)/108*7/((-7)/120). Let q = -73 + b. What is the units digit of q?
7
Let h(b) = -b**2 + 15*b - 5. Let c be h(12). Let n(r) = r**2 - 17*r - 19. What is the tens digit of n(c)?
1
Suppose 2*q = u - 3*u + 6008, -9007 = -3*q + 2*u. What is the hundreds digit of q?
0
What is the units digit of (-3*(-7)/(-14))/(9/(-2400))?
0
Let r(d) be the third derivative of d**5/60 - d**4/24 - d**3 - 34*d**2. Let b be r(-3). Suppose 10*g - b = 7*g. What is the units digit of g?
2
What is the units digit of 3/(-81)*-3 - (-17 - (-1394090)/(-90))?
7
Suppose -13120 + 55038 = 14*g - 60142. What is the hundreds digit of g?
2
Let y = 30 + -18. Let r be (1 + -1)/(4/(y/3)). Suppose r*a + 2*a - 5*g - 279 = 0, a - 135 = g. What is the hundreds digit of a?
1
Let k(j) = -7*j + 20 + j - 6 + 11 + 9*j**2. Let q be k(-7). Suppose 9*u - 5*u = q. What is the tens digit of u?
2
Let w(v) = 199*v + 51. Let i be w(4). Suppose 23*x = 34*x - i. What is the units digit of x?
7
Suppose -d + 11 = 6. Suppose 2*c - 2395 = -d*z, -3*c + 5978 = 2*c + 3*z. Suppose q = 6*q - c. What is the tens digit of q?
3
Suppose 9*p - 77987 = 147524 - 24181. What is the hundreds digit of p?
3
Let s be 1*(5 + -4 + 3 + -1). Suppose 418 = -f - h, -f + s*h - 401 + 3 = 0. Let l = f + 690. What is the tens digit of l?
7
Suppose -5*m + 9346 = -15974. What is the units digit of m?
4
Let z(m) = -675*m - 401. What is the tens digit of z(-24)?
9
Let b = -76 - -80. Suppose b*z = -5*c + 4*c + 287, -607 = -2*c + 3*z. What is the units digit of c?
9
Suppose -4*b = 4*p - 14164, 0*p - 7076 = -2*b - 4*p. Let m be b/68 + 2/(-17). Suppose 15*k + m = 487. What is the tens digit of k?
2
Suppose y - 3*l + 6 = 0, 3*y + 5*l - 10 = -0*l. Suppose 84 = n - y*n. Suppose 18 = -u + n. What is the units digit of u?
6
Suppose 0*z - 5 = 3*r - 2*z, 3*r + 5*z - 23 = 0. What is the tens digit of -1*(r/3)/((-13)/14313)?
6
Let r be (-14)/8 + 2 + (-629)/148. What is the units digit of (166*(-1)/r)/(5/10)?
3
Suppose 3*h - 1 - 5 = -3*z, -5*z - 60 = -5*h. Let g = h + 145. What is the tens digit of g?
5
Let u be (-55)/15 - 4/(-6). Let y be 84/(-147)*(21/2)/u. Suppose 172 + 198 = y*r. What is the units digit of r?
5
Let l = 13366 - 3669. What is the thousands digit of l?
9
Suppose 0 = 201*n - 138673 - 1893327 + 342193. What is the hundreds digit of n?
4
Suppose 10*g = -g - 2695. Let v = 443 + g. Let n = v + -96. What is the tens digit of n?
0
Let a(x) = 198*x**3 + 3*x**2 + 5*x - 21. What is the thousands digit of a(2)?
1
Let t = -49 - -51. Suppose -t*d = -3*d + 4. Suppose 0 = i + 5*r - 93, 0*r + 334 = d*i + r. What is the tens digit of i?
8
Suppose 15*r - 469314 = -2*t, -9*t = -4*r - 14*t + 125137. What is the units digit of r?
8
Let j = -5687 - -8509. What is the hundreds digit of j?
8
Suppose 0 = 50*p - 16*p + 22*p - 1361136. What is the units digit of p?
6
Let b = -2732 - -5487. Suppose 5*z = -5*u + b, -70*z + 69*z - 5*u + 551 = 0. What is the tens digit of z?
5
Let o(s) = 54*s - 50. Let m be o(-3). Let f = m + 1246. What is the thousands digit of f?
1
Suppose 3*u + 15*h = 19*h + 1477, 3*u = 3*h + 1473. Suppose 0 = -2*b + 10, 6*b - 9*b - u = -2*l. What is the units digit of l?
1
Let i = -10107 - -11256. What is the hundreds digit of i?
1
Suppose 0 = 2*u + 4*x - 6, -2*u + 3 = x - 6. Suppose u*f + 5*k - 1130 = 0, 6*f = 4*f - k + 450. What i